{"id":17172,"date":"2025-04-17T10:18:47","date_gmt":"2025-04-17T08:18:47","guid":{"rendered":"https:\/\/www.docfinder.at\/wissensmagazin\/?page_id=17172"},"modified":"2025-11-18T15:06:21","modified_gmt":"2025-11-18T14:06:21","slug":"hautgesundheit","status":"publish","type":"page","link":"https:\/\/www.docfinder.at\/wissensmagazin\/hautgesundheit\/","title":{"rendered":"Hautgesundheit"},"content":{"rendered":"\n<div class=\"col-12 col-md-6 order-5 p-0 order-md-1 bg-light filter-content\">\n    <h1>Hautgesundheit<\/h1>\n<p>Unsere Haut sch\u00fctzt uns t\u00e4glich \u2013 und zeigt oft als Erste, wenn im K\u00f6rper etwas aus dem Gleichgewicht ger\u00e4t. In diesem Schwerpunkt finden Sie verst\u00e4ndliche Informationen zu Hauterkrankungen wie Akne, Neurodermitis oder Hautkrebs \u2013 und erfahren, wann ein Besuch beim Hautarzt sinnvoll ist.<\/p>\n<\/div>\n<div class=\"col-12 col-md-6 order-1 p-0 order-md-5 border-top border-primary border-2\">\n    <img decoding=\"async\" src=\"https:\/\/assets-ratgeber.docfinder.at\/uploads\/Hautgesundheit.jpg\" class=\"img-fluid\" alt=\"Header Bild\">\n<\/div>\n","protected":false},"excerpt":{"rendered":"","protected":false},"author":16,"featured_media":17173,"parent":0,"menu_order":0,"comment_status":"closed","ping_status":"closed","template":"page-themenfilter.php","meta":{"_acf_changed":false,"footnotes":""},"class_list":["post-17172","page","type-page","status-publish","has-post-thumbnail","hentry"],"acf":[],"_links":{"self":[{"href":"https:\/\/www.docfinder.at\/wissensmagazin\/wp-json\/wp\/v2\/pages\/17172","targetHints":{"allow":["GET"]}}],"collection":[{"href":"https:\/\/www.docfinder.at\/wissensmagazin\/wp-json\/wp\/v2\/pages"}],"about":[{"href":"https:\/\/www.docfinder.at\/wissensmagazin\/wp-json\/wp\/v2\/types\/page"}],"author":[{"embeddable":true,"href":"https:\/\/www.docfinder.at\/wissensmagazin\/wp-json\/wp\/v2\/users\/16"}],"replies":[{"embeddable":true,"href":"https:\/\/www.docfinder.at\/wissensmagazin\/wp-json\/wp\/v2\/comments?post=17172"}],"version-history":[{"count":21,"href":"https:\/\/www.docfinder.at\/wissensmagazin\/wp-json\/wp\/v2\/pages\/17172\/revisions"}],"predecessor-version":[{"id":17861,"href":"https:\/\/www.docfinder.at\/wissensmagazin\/wp-json\/wp\/v2\/pages\/17172\/revisions\/17861"}],"wp:featuredmedia":[{"embeddable":true,"href":"https:\/\/www.docfinder.at\/wissensmagazin\/wp-json\/wp\/v2\/media\/17173"}],"wp:attachment":[{"href":"https:\/\/www.docfinder.at\/wissensmagazin\/wp-json\/wp\/v2\/media?parent=17172"}],"curies":[{"name":"wp","href":"https:\/\/api.w.org\/{rel}","templated":true}]}}