{"id":13224,"date":"2023-12-05T09:06:24","date_gmt":"2023-12-05T08:06:24","guid":{"rendered":"https:\/\/www.docfinder.at\/wissensmagazin\/?page_id=13224"},"modified":"2023-12-05T09:36:04","modified_gmt":"2023-12-05T08:36:04","slug":"aerzte-im-portraet","status":"publish","type":"page","link":"https:\/\/www.docfinder.at\/wissensmagazin\/aerzte-im-portraet\/","title":{"rendered":"\u00c4rzte im Portr\u00e4t"},"content":{"rendered":"\n<div class=\"col-12 col-md-6 order-5 p-0 order-md-1 bg-light filter-content\">\n    <h1>\u00c4rzte im Portr\u00e4t<\/h1>\n<p>Wir pr\u00e4sentieren die beliebtesten \u00c4rzte \u00d6sterreichs in einem kurzen Videoportr\u00e4t, sodass Sie einen guten Einblick in deren T\u00e4tigkeit erhalten.<\/p>\n<\/div>\n<div class=\"col-12 col-md-6 order-1 p-0 order-md-5 border-top border-primary border-2\">\n    <img decoding=\"async\" src=\"https:\/\/assets-ratgeber.docfinder.at\/uploads\/Aerzte-im-portraet.jpg\" class=\"img-fluid\" alt=\"Header Bild\">\n<\/div>\n","protected":false},"excerpt":{"rendered":"","protected":false},"author":37,"featured_media":0,"parent":0,"menu_order":0,"comment_status":"closed","ping_status":"closed","template":"page-themenfilter.php","meta":{"_acf_changed":false,"footnotes":""},"class_list":["post-13224","page","type-page","status-publish","hentry"],"acf":[],"_links":{"self":[{"href":"https:\/\/www.docfinder.at\/wissensmagazin\/wp-json\/wp\/v2\/pages\/13224","targetHints":{"allow":["GET"]}}],"collection":[{"href":"https:\/\/www.docfinder.at\/wissensmagazin\/wp-json\/wp\/v2\/pages"}],"about":[{"href":"https:\/\/www.docfinder.at\/wissensmagazin\/wp-json\/wp\/v2\/types\/page"}],"author":[{"embeddable":true,"href":"https:\/\/www.docfinder.at\/wissensmagazin\/wp-json\/wp\/v2\/users\/37"}],"replies":[{"embeddable":true,"href":"https:\/\/www.docfinder.at\/wissensmagazin\/wp-json\/wp\/v2\/comments?post=13224"}],"version-history":[{"count":15,"href":"https:\/\/www.docfinder.at\/wissensmagazin\/wp-json\/wp\/v2\/pages\/13224\/revisions"}],"predecessor-version":[{"id":13305,"href":"https:\/\/www.docfinder.at\/wissensmagazin\/wp-json\/wp\/v2\/pages\/13224\/revisions\/13305"}],"wp:attachment":[{"href":"https:\/\/www.docfinder.at\/wissensmagazin\/wp-json\/wp\/v2\/media?parent=13224"}],"curies":[{"name":"wp","href":"https:\/\/api.w.org\/{rel}","templated":true}]}}